{"id":3178,"date":"2024-10-07T13:11:05","date_gmt":"2024-10-07T13:11:05","guid":{"rendered":"https:\/\/phd.luiss.it\/politics\/?page_id=3178"},"modified":"2024-10-08T09:58:04","modified_gmt":"2024-10-08T09:58:04","slug":"nicolas-sebastian-soto-troncoso","status":"publish","type":"page","link":"https:\/\/phd.luiss.it\/politics\/about-us\/current-phd-candidates\/nicolas-sebastian-soto-troncoso\/","title":{"rendered":"Nicol\u00e1s Sebasti\u00e1n Soto Troncoso"},"content":{"rendered":"<p>Nicol\u00e1s is a Ph.D. Candidate in the Department of Political Science at LUISS University. He holds a master\u2019s degree in public policy obtained in 2022 at the Hertie School of Governance in Berlin and a master\u2019s degree in criminal law obtained in 2012 at the Universidad Diego Portales (UDP) in Santiago de Chile. He has previously worked as lawyer specialized in criminal law, human rights and judicial systems. His research interest lies in the assessment of anti-corruption policies, with a particular emphasis on transparency measures. His thesis working title is \u201cAssessing the determinants of public transparency and its impact on corruption at the sub-national level\u201d.<\/p>\n<p><strong>Email:\u00a0<\/strong>nsoto@luiss.it<\/p>\n<p><strong>CV:<\/strong><\/p>\n<p>PhD candidate in the Department of Political Science at LUISS University (2024- )<\/p>\n<p>European Research Center for Anticorruption and State-Building (ERCAS) (2023-2034)<\/p>\n<p>MPP at the Hertie School of Governance in Berlin (2022)<\/p>\n<p>LLM at Universidad Diego Portales in Santiago de Chile (2012)<\/p>\n<p><strong>Research Interests:<\/strong><\/p>\n<p>Anti-corruption policies, transparency measures, democracy and judicial systems, control of corruption in local governments.<\/p>\n<p><strong>Publications:<\/strong><\/p>\n<p>Soto, N. (2021). Decentralization and control of corruption in Chile: Alternatives for accountable autonomy in local governments. Romanian Journal of Political Science, 21(2), 53\u201371.\u00a0<a href=\"https:\/\/doi.org\/10.5281\/zenodo.7903845\">https:\/\/doi.org\/10.5281\/zenodo.7903845<\/a><\/p>\n","protected":false},"excerpt":{"rendered":"<p>Nicol\u00e1s is a Ph.D. Candidate in the Department of Political Science at LUISS University. He holds a master\u2019s degree in public policy obtained in 2022 at the Hertie School of Governance in Berlin and a master\u2019s degree in criminal law obtained in 2012 at the Universidad Diego Portales (UDP) in Santiago de Chile. He has [&hellip;]<\/p>\n","protected":false},"author":20,"featured_media":3179,"parent":1651,"menu_order":0,"comment_status":"closed","ping_status":"closed","template":"people-page.php","meta":[],"categories":[224],"tags":[],"yoast_head":"<!-- This site is optimized with the Yoast SEO plugin v16.0.2 - https:\/\/yoast.com\/wordpress\/plugins\/seo\/ -->\n<title>Nicol\u00e1s Sebasti\u00e1n Soto Troncoso - Doctoral Programme in Politics<\/title>\n<link rel=\"canonical\" href=\"https:\/\/phd.luiss.it\/politics\/about-us\/current-phd-candidates\/nicolas-sebastian-soto-troncoso\/\" \/>\n<meta property=\"og:locale\" content=\"en_US\" \/>\n<meta property=\"og:type\" content=\"article\" \/>\n<meta property=\"og:title\" content=\"Nicol\u00e1s Sebasti\u00e1n Soto Troncoso - Doctoral Programme in Politics\" \/>\n<meta property=\"og:description\" content=\"Nicol\u00e1s is a Ph.D. Candidate in the Department of Political Science at LUISS University. He holds a master\u2019s degree in public policy obtained in 2022 at the Hertie School of Governance in Berlin and a master\u2019s degree in criminal law obtained in 2012 at the Universidad Diego Portales (UDP) in Santiago de Chile. He has [&hellip;]\" \/>\n<meta property=\"og:url\" content=\"https:\/\/phd.luiss.it\/politics\/about-us\/current-phd-candidates\/nicolas-sebastian-soto-troncoso\/\" \/>\n<meta property=\"og:site_name\" content=\"Doctoral Programme in Politics\" \/>\n<meta property=\"article:modified_time\" content=\"2024-10-08T09:58:04+00:00\" \/>\n<meta property=\"og:image\" content=\"https:\/\/phd.luiss.it\/politics\/wp-content\/uploads\/sites\/2\/2024\/10\/1655751654937.png\" \/>\n\t<meta property=\"og:image:width\" content=\"800\" \/>\n\t<meta property=\"og:image:height\" content=\"800\" \/>\n<meta name=\"twitter:card\" content=\"summary_large_image\" \/>\n<meta name=\"twitter:label1\" content=\"Est. reading time\">\n\t<meta name=\"twitter:data1\" content=\"1 minute\">\n<script type=\"application\/ld+json\" class=\"yoast-schema-graph\">{\"@context\":\"https:\/\/schema.org\",\"@graph\":[{\"@type\":\"WebSite\",\"@id\":\"https:\/\/phd.luiss.it\/politics\/#website\",\"url\":\"https:\/\/phd.luiss.it\/politics\/\",\"name\":\"Doctoral Programme in Politics\",\"description\":\"\",\"potentialAction\":[{\"@type\":\"SearchAction\",\"target\":\"https:\/\/phd.luiss.it\/politics\/?s={search_term_string}\",\"query-input\":\"required name=search_term_string\"}],\"inLanguage\":\"en-US\"},{\"@type\":\"ImageObject\",\"@id\":\"https:\/\/phd.luiss.it\/politics\/about-us\/current-phd-candidates\/nicolas-sebastian-soto-troncoso\/#primaryimage\",\"inLanguage\":\"en-US\",\"url\":\"https:\/\/phd.luiss.it\/politics\/wp-content\/uploads\/sites\/2\/2024\/10\/1655751654937.png\",\"width\":800,\"height\":800},{\"@type\":\"WebPage\",\"@id\":\"https:\/\/phd.luiss.it\/politics\/about-us\/current-phd-candidates\/nicolas-sebastian-soto-troncoso\/#webpage\",\"url\":\"https:\/\/phd.luiss.it\/politics\/about-us\/current-phd-candidates\/nicolas-sebastian-soto-troncoso\/\",\"name\":\"Nicol\\u00e1s Sebasti\\u00e1n Soto Troncoso - Doctoral Programme in Politics\",\"isPartOf\":{\"@id\":\"https:\/\/phd.luiss.it\/politics\/#website\"},\"primaryImageOfPage\":{\"@id\":\"https:\/\/phd.luiss.it\/politics\/about-us\/current-phd-candidates\/nicolas-sebastian-soto-troncoso\/#primaryimage\"},\"datePublished\":\"2024-10-07T13:11:05+00:00\",\"dateModified\":\"2024-10-08T09:58:04+00:00\",\"breadcrumb\":{\"@id\":\"https:\/\/phd.luiss.it\/politics\/about-us\/current-phd-candidates\/nicolas-sebastian-soto-troncoso\/#breadcrumb\"},\"inLanguage\":\"en-US\",\"potentialAction\":[{\"@type\":\"ReadAction\",\"target\":[\"https:\/\/phd.luiss.it\/politics\/about-us\/current-phd-candidates\/nicolas-sebastian-soto-troncoso\/\"]}]},{\"@type\":\"BreadcrumbList\",\"@id\":\"https:\/\/phd.luiss.it\/politics\/about-us\/current-phd-candidates\/nicolas-sebastian-soto-troncoso\/#breadcrumb\",\"itemListElement\":[{\"@type\":\"ListItem\",\"position\":1,\"item\":{\"@type\":\"WebPage\",\"@id\":\"https:\/\/phd.luiss.it\/politics\/\",\"url\":\"https:\/\/phd.luiss.it\/politics\/\",\"name\":\"Home\"}},{\"@type\":\"ListItem\",\"position\":2,\"item\":{\"@type\":\"WebPage\",\"@id\":\"https:\/\/phd.luiss.it\/politics\/about-us\/\",\"url\":\"https:\/\/phd.luiss.it\/politics\/about-us\/\",\"name\":\"About us\"}},{\"@type\":\"ListItem\",\"position\":3,\"item\":{\"@type\":\"WebPage\",\"@id\":\"https:\/\/phd.luiss.it\/politics\/about-us\/current-phd-candidates\/\",\"url\":\"https:\/\/phd.luiss.it\/politics\/about-us\/current-phd-candidates\/\",\"name\":\"Current PhD Candidates\"}},{\"@type\":\"ListItem\",\"position\":4,\"item\":{\"@type\":\"WebPage\",\"@id\":\"https:\/\/phd.luiss.it\/politics\/about-us\/current-phd-candidates\/nicolas-sebastian-soto-troncoso\/\",\"url\":\"https:\/\/phd.luiss.it\/politics\/about-us\/current-phd-candidates\/nicolas-sebastian-soto-troncoso\/\",\"name\":\"Nicol\\u00e1s Sebasti\\u00e1n Soto Troncoso\"}}]}]}<\/script>\n<!-- \/ Yoast SEO plugin. -->","_links":{"self":[{"href":"https:\/\/phd.luiss.it\/politics\/wp-json\/wp\/v2\/pages\/3178"}],"collection":[{"href":"https:\/\/phd.luiss.it\/politics\/wp-json\/wp\/v2\/pages"}],"about":[{"href":"https:\/\/phd.luiss.it\/politics\/wp-json\/wp\/v2\/types\/page"}],"author":[{"embeddable":true,"href":"https:\/\/phd.luiss.it\/politics\/wp-json\/wp\/v2\/users\/20"}],"replies":[{"embeddable":true,"href":"https:\/\/phd.luiss.it\/politics\/wp-json\/wp\/v2\/comments?post=3178"}],"version-history":[{"count":2,"href":"https:\/\/phd.luiss.it\/politics\/wp-json\/wp\/v2\/pages\/3178\/revisions"}],"predecessor-version":[{"id":3193,"href":"https:\/\/phd.luiss.it\/politics\/wp-json\/wp\/v2\/pages\/3178\/revisions\/3193"}],"up":[{"embeddable":true,"href":"https:\/\/phd.luiss.it\/politics\/wp-json\/wp\/v2\/pages\/1651"}],"wp:featuredmedia":[{"embeddable":true,"href":"https:\/\/phd.luiss.it\/politics\/wp-json\/wp\/v2\/media\/3179"}],"wp:attachment":[{"href":"https:\/\/phd.luiss.it\/politics\/wp-json\/wp\/v2\/media?parent=3178"}],"wp:term":[{"taxonomy":"category","embeddable":true,"href":"https:\/\/phd.luiss.it\/politics\/wp-json\/wp\/v2\/categories?post=3178"},{"taxonomy":"post_tag","embeddable":true,"href":"https:\/\/phd.luiss.it\/politics\/wp-json\/wp\/v2\/tags?post=3178"}],"curies":[{"name":"wp","href":"https:\/\/api.w.org\/{rel}","templated":true}]}}